est common factor of 130 and z.
13
Suppose -26*d = -30*d + 800. What is the highest common factor of d and 25?
25
Suppose -y + 6*y = -5*f + 90, -5*y + 84 = 2*f. Calculate the highest common divisor of 16 and y.
16
Let h(m) = m**2 - 4*m - 4. Let v be ((-18)/(-4))/((-3)/(-4)). Let c be h(v). Let i be (-171)/(-12) - (-6)/c. Calculate the greatest common factor of i and 75.
15
Suppose 4*n - 89 - 3 = 0. Let f be (2*-3)/((-9)/138). Calculate the highest common factor of n and f.
23
Suppose -m + 2 + 13 = 0. Suppose -d = -2 - 4. Calculate the highest common divisor of m and d.
3
Let i(f) = 3*f + f - 4*f + 6*f**2 + 2 + 2*f. Let x be i(-4). What is the highest common divisor of x and 36?
18
Let a(f) = -5*f - 14. Let q be a(-4). What is the highest common factor of 4 and q?
2
Let x = -26 + 46. Calculate the greatest common divisor of x and 8.
4
Let c(b) = -7*b**3 + 2*b**2 + 1. Let r = 4 - 6. Let h be c(r). What is the greatest common divisor of h and 26?
13
Suppose 17*f + 6 = 20*f. Calculate the greatest common factor of f and 5.
1
Suppose 2*u = -u - 27. Let o(h) = h**2 + 9*h + 13. Let z be o(u). Let a = z - 0. Calculate the greatest common divisor of 91 and a.
13
Suppose -2*a = -4*w - 214, 21 = 5*w + 1. Calculate the greatest common divisor of a and 23.
23
Let w = -27 - -81. Let r(a) = -2*a - 2. Let s be r(-4). Calculate the greatest common divisor of s and w.
6
Suppose -4*u + 139 = 4*z + 15, 0 = z. What is the highest common factor of 124 and u?
31
Let c(q) = q**3 - 2*q**2 - 12*q + 6. Let v be c(5). Calculate the highest common factor of 42 and v.
21
Suppose 5*p = v - 3, v - 3 = -p - 0. Let q = 7 - v. Suppose 4*y + 2*i - 42 = 50, 0 = -q*y - 4*i + 88. What is the highest common divisor of 36 and y?
12
Suppose -a + 21 = 2*a. Suppose -37 = 5*m - 527. Let b be (m/(-4))/(2/(-4)). Calculate the highest common factor of b and a.
7
Let q = 7 - -109. Let t = -74 + q. Calculate the greatest common divisor of t and 28.
14
Suppose 2*k - f - 73 = 0, -k - 2*f + 20 = 3*f. Let t be k/(0 - (-2 - -1)). Calculate the highest common factor of t and 14.
7
Suppose t = -0*t + 8. Suppose 24 = 4*n + 2*z, -5*n + 4*n = z - 8. Suppose 0*v - 128 = -n*v. What is the greatest common factor of v and t?
8
Let a = 59 - 23. Suppose -7*k + 5*k = -a. Calculate the greatest common divisor of 72 and k.
18
Let q = 11 - 8. Suppose -q = -t + 2. Calculate the greatest common divisor of t and 35.
5
Let w(k) = k**2 + k - 3. Let p be 1/(-3) - 34/6. Let g be w(p). Calculate the highest common divisor of 9 and g.
9
Let q be 3/(2*-3)*0. Suppose -g - 4*g = q. Suppose 2*l = 4*z - 50, g*z - 5*z + 46 = 3*l. What is the highest common factor of z and 1?
1
Let c(l) = 2*l - 1. Let j be c(2). Suppose j*s + 33 = 6*s. Calculate the highest common factor of s and 11.
11
Suppose 0 = -17*m + 27*m - 3690. Calculate the greatest common factor of m and 41.
41
Let q be 2*(0 - (-5)/(-2)). Let a = q + 5. Let j be a + 0/(-2) - -17. Calculate the greatest common factor of 17 and j.
17
Suppose 4*x + 96 = 4*d + 2*x, 0 = -3*x - 6. Calculate the greatest common divisor of 69 and d.
23
Suppose -v + 4*j = 3*v - 144, -2*j + 173 = 5*v. Suppose 7*d - 15 = -2*f + 2*d, 2*f + 3*d - 13 = 0. Calculate the highest common divisor of f and v.
5
Let t(u) = u**3 - 2*u**2 - u - 4. Let d = -9 - -13. Let w be t(d). Suppose 2*s = 82 + 38. What is the highest common divisor of s and w?
12
Let y be (3 - 117/(-3))/(10/35). What is the greatest common factor of y and 21?
21
Let f(p) = -14*p + 27*p - 14*p + 42. Let x be f(0). Calculate the highest common factor of x and 105.
21
Let y(a) = -2*a - 4. Let g be y(-5). Let u = 3 - g. Let v(n) = -8*n - 3. Let w be v(u). Calculate the greatest common divisor of w and 14.
7
Let n be -2 - -1 - 21*1. Let v = n + 40. Calculate the highest common factor of 2 and v.
2
Let b = 184 - 30. Suppose -2*f + 6*k = 5*k - 30, 4*k = -8. Calculate the greatest common divisor of b and f.
14
Suppose u + 5*w + 34 - 12 = 0, -w - 5 = 0. Suppose 23 + 26 = -u*q - a, -2*q + 4*a = 14. Let f = q + 191. Calculate the highest common divisor of f and 16.
16
Let z = 156 + -108. Calculate the greatest common divisor of z and 36.
12
Suppose 419 + 190 = -3*f. Let y = f + 288. What is the greatest common divisor of 17 and y?
17
Suppose 0*d - d + 29 = 0. Let f be (1 - -1) + (1 - -136). Suppose 3*a - 8 = i - d, 4*i - f = a. What is the highest common divisor of 18 and i?
18
Let g = -88 + 160. What is the greatest common factor of 36 and g?
36
Suppose 0*o + 52 = 3*x + o, -5*x = -5*o - 80. Calculate the greatest common factor of 17 and x.
17
Let w be 156 + 6 + -4 + -5. Suppose 0*x - 3*x + w = 0. What is the highest common divisor of 17 and x?
17
Let a(i) = i**3 - 6*i**2 - 4*i + 5. Let n be a(7). What is the greatest common divisor of 156 and n?
26
Let j(k) = 2*k**2 - 6*k - 3. Let f be j(5). Let m be 10/4*(3 - 1). Suppose -m - f = -x. What is the highest common divisor of x and 33?
11
Suppose -5*z + 73 + 47 = 0. What is the greatest common factor of z and 24?
24
Suppose 5*u - u = -4*g + 4, 3*u - 2*g - 8 = 0. Let y be (-4 + u - -1) + 51. What is the greatest common factor of y and 10?
10
Let w(i) = i + 1. Let x be w(-6). Let z be (-35)/(-14)*(-16)/x. What is the greatest common factor of 88 and z?
8
Suppose 4*n = -0*t + 4*t - 192, -5*n = 4*t - 147. Suppose 5*b + 18 - t = 0. Calculate the highest common factor of 40 and b.
5
Let z(l) = 2*l. Let c be z(2). Suppose -c*q + 48 = -64. Let b be 2/9 + (-248)/(-18). Calculate the greatest common factor of b and q.
14
Let v(y) = 55*y**2 - 4*y + 3. Let o be v(1). Suppose 0*m + 5 = -m + 5*r, 3*m - r - 13 = 0. Suppose m*l = o + 21. What is the greatest common factor of 75 and l?
15
Suppose 4*y + 13 = -3, 0 = -5*z + 4*y + 151. What is the greatest common divisor of z and 18?
9
Let m = -41 - -68. What is the highest common factor of m and 18?
9
Suppose 2*q - 4*m = -0 + 2, 2*q = -m + 7. Suppose 0 = o - q*o + 28. What is the highest common factor of 70 and o?
14
Let y(n) = n**3 - 3*n**3 - 8*n + n - 7*n**2 + 2. Let x be y(-5). Suppose 6*w + 9 - 93 = 0. Calculate the highest common divisor of w and x.
14
Let x = 199 - 523. Let v be (-6)/(-33) - x/33. Suppose 8 + 7 = 3*u. Calculate the highest common factor of u and v.
5
Let p be (72/32)/((-2)/(-8)). Calculate the greatest common divisor of p and 63.
9
Let s(z) = -z + 3. Let c be s(-5). What is the highest common factor of c and 12?
4
Let t be 14/6*24/2. Let y be 3 - (-3 + 3 + 1). Suppose 3*f - 14 + y = 0. Calculate the highest common divisor of t and f.
4
Let r be 4/14 + 61/7. Calculate the highest common divisor of r and 9.
9
Let m be (-1)/6 + 19/6. Calculate the greatest common factor of m and 3.
3
Suppose f - 5*z + 10 = 0, -2*f + 2*z + 4 + 0 = 0. Let n be -6 - -8 - f*-1. Let r be (-1)/3*n*-3. What is the highest common factor of 7 and r?
7
Let r be (-5 - -4)*2/2. Let z = r - -3. Suppose -3*p - z*p - 50 = -5*t, 3*p + 18 = t. What is the greatest common divisor of t and 66?
6
Let k = -2 + 11. Let i be (-2)/k - (-1000)/(-36). Let j = 49 + i. Calculate the highest common factor of j and 42.
21
Suppose 2*w - 4*d - 20 = 0, 4*d + 5 = w - 3. What is the greatest common factor of w and 4?
4
Suppose -5*b + 3*x = -11, 0*x = 2*b + 5*x - 23. Suppose 7*a = -93 + 317. Calculate the greatest common factor of b and a.
4
Let n be (-2 - -21)*(1 - 0). Let i = -13 + n. What is the greatest common factor of 9 and i?
3
Let j be 1/(16/(-20) - -1). Calculate the greatest common divisor of 5 and j.
5
Let j(h) = -h**2 + 18*h + 12. Let n be j(15). What is the greatest common factor of 38 and n?
19
Let z(h) = h**3 - 4*h**2 + 5*h + 4. Let c be z(4). What is the highest common divisor of 40 and c?
8
Let y(m) = m**2 - 10*m - 12. Let i be y(15). Calculate the highest common divisor of 7 and i.
7
Suppose 0*y + 14 = y - n, 0 = y - 4*n - 2. Let k = -92 + 137. Calculate the highest common factor of y and k.
9
Suppose 2*s - 126 = -14. Calculate the highest common divisor of 7 and s.
7
Let r = -3 + -5. Let i = r - -15. Let q be (-6)/(-8)*(-12)/(-9). Calculate the greatest common factor of q and i.
1
Let a(x) = x - 11. Let j be a(6). Let y = 0 - j. Let c = 21 - 6. Calculate the greatest common factor of c and y.
5
Suppose 11 = 2*w + 3. Suppose 0 = w*a - 6*a + 22. Calculate the greatest common div